?
5
Suppose -4*g + 54 = d - g, -2*d + 5*g = -75. Let r(o) = -o**2 - o + 9. Let k be r(0). Let l be (1*-2*k)/(-2). Calculate the greatest common divisor of d and l.
9
Suppose -7*h = -2*h - 10, 0 = t + 5*h - 6. Let x = 6 + t. Suppose -4*j + 12 = -4*i, -x*j - i = -5*i. What is the highest common divisor of 18 and j?
6
Let y be 0 + 43 + (-1)/1. Suppose 2*q - 79 = -67. Calculate the highest common factor of y and q.
6
Suppose 13 = 4*y - 3. What is the highest common factor of y and 8?
4
Suppose -3*x + 13 + 17 = 0. Suppose 3*c - x = -1. What is the greatest common divisor of c and 27?
3
Suppose -3*b + 170 = 5*l, b + 2*l - 70 + 14 = 0. Suppose -20 = -5*t - 0*t, -3*a + 40 = -5*t. What is the greatest common factor of b and a?
20
Suppose 0 = -2*m - 0*m - 4. Let c be ((-20)/(-25))/(m/(-5)). Suppose 5*a + 4*v - 300 = 0, 102 = 2*a + c*v - 18. What is the highest common factor of 12 and a?
12
Let g = 98 - 26. Let s(v) = v - v - v + 9*v**2 + 0*v**2. Let n be s(1). What is the highest common divisor of g and n?
8
Let f be (-5 - 0)*(-8)/10. Suppose c = -f*q + 64, 2*c + 24 - 2 = 2*q. What is the highest common divisor of 30 and q?
15
Let z = 11 + -7. Suppose -26 + 6 = -z*w. Let v be 20/((18/15)/3). Calculate the greatest common factor of v and w.
5
Let a(j) = j - 4. Let o be a(10). Let t = 13 + -4. Calculate the highest common factor of o and t.
3
Suppose 0*c = -5*c + 25. Suppose -c*s - 4 - 6 = 0. Let k be 14*(1 - 2)*s. Calculate the highest common divisor of k and 4.
4
Suppose -3*i = -2*y + 305 + 1232, 4*i + 3*y + 2055 = 0. Let o be (-2)/(3/(i/(-6))). Let p = -17 - o. What is the highest common divisor of 5 and p?
5
Let t be 9/(-15) - (-489)/15. Suppose 0 = -2*w + 6 + t. Calculate the greatest common divisor of 38 and w.
19
Let w(f) = 2*f - 12. Let v be w(6). Suppose v = 3*o - 20 - 1. Let u(a) = -5*a - 6. Let x be u(-4). What is the greatest common factor of x and o?
7
Suppose 2*l - 26 = -0. Let s be (4 - 18/4)*18. Let j be (-2800)/(-72) + (-1)/s. What is the greatest common divisor of l and j?
13
Let k be 1*2/(4/10). Suppose k*r - 144 = r. What is the greatest common divisor of r and 90?
18
Suppose 2*h - 62 = -3*p, 3*p = 2*h + 8*p - 66. Let m be (2 + -3)*(-57)/(-3). Let d = h + m. What is the greatest common divisor of 9 and d?
9
Let s(j) = -j**2 + 20*j + 4. Let p be s(14). Calculate the greatest common divisor of p and 11.
11
Let z(h) = 2*h - 3. Let w be z(6). Suppose 4*n + w = n. Let a(g) = -28*g + 4. Let y be a(n). Calculate the greatest common factor of 11 and y.
11
Let d(y) = -7*y**3 + y**2 + y. Let j be d(-1). Suppose -s + 4*m = -44, 2 + j = s + 3*m. Calculate the highest common divisor of 48 and s.
24
Suppose -5*b + 56 = -b + 4*d, 0 = -2*b - 5*d + 25. Calculate the highest common factor of 6 and b.
3
Let x be (2/2)/(1 + 0). Calculate the greatest common factor of 1 and x.
1
Let j be (-1 - -2)/((-6)/(-54)). Let f = 31 + j. What is the highest common factor of f and 10?
10
Let y = 31 + 10. Let o = y + 36. Calculate the greatest common divisor of o and 7.
7
Let m = 2 + 4. Let t(s) = s**2 + 6*s - 10. Let p be t(-8). Calculate the highest common divisor of m and p.
6
Let w be (-1 - -3)/((-2)/(-3)). Suppose -5*d + 38 = 28. Calculate the greatest common divisor of w and d.
1
Let o be (-502)/(-8) + 2/8. What is the highest common factor of 42 and o?
21
Suppose 4*k - 3*x - 111 = k, k + 4*x - 42 = 0. Let n be k/6 + (-4)/(-6). Let q be 28 + (-1 - -1 - 0). Calculate the greatest common divisor of q and n.
7
Let b(v) = 173*v**2 + 1. Let t be b(1). Let o be (-15)/20 + t/8. What is the greatest common factor of o and 7?
7
Suppose -2*k - 26 = -6*k + 2*w, 4*k - w - 25 = 0. Suppose -3*t + 36 = 3*p, 3*p - 36 - k = -t. What is the greatest common factor of 60 and p?
15
Suppose 1144 = -2*i + 1254. Let g(n) = -3*n - 1. Let t be g(-2). What is the greatest common divisor of t and i?
5
Suppose 6 + 2 = 4*v. Suppose g - v*g + 75 = 0. Let i be 266/18 - (-2)/9. What is the greatest common factor of g and i?
15
Suppose -p = 5*r + 17, 3*r + 5*p + 6 = -13. Let h be 11 - (-1 - r - 3). Calculate the highest common divisor of h and 60.
12
Let q be (-6 + -11)/((-2)/(-10)*-1). What is the greatest common divisor of 34 and q?
17
Suppose 5*v - 16 = v. Let y = v + 72. Calculate the greatest common factor of y and 19.
19
Let l = 83 + -48. Calculate the highest common factor of l and 5.
5
Let s(y) = 43*y**3 - 2*y**2 - y + 2. Let b be s(2). Calculate the greatest common divisor of b and 14.
14
Suppose 0 = 3*z + 4*l - 687, 0*l + 2*l = 3*z - 669. What is the greatest common divisor of 90 and z?
45
Let k = 7 + -1. Calculate the highest common divisor of k and 15.
3
Suppose 0 = 4*i, 7*r - i - 30 = 2*r. Calculate the highest common divisor of r and 4.
2
Let n(x) = -66*x. Let t be n(-1). Suppose -3*l = 5*c - 32, c = -4*l - c + t. What is the highest common divisor of 95 and l?
19
Suppose -2*a + 2*u + 24 = 0, 0 + 18 = 3*a + 3*u. Let z(s) = 2*s**3 + 4*s**2 - 4*s + 3. Let x be z(2). What is the greatest common factor of a and x?
9
Let u be ((-5)/(-3))/(4/(-24)). Let d = 21 + u. Suppose -4*c - 3*w + 332 = w, 4*w = -20. What is the highest common divisor of d and c?
11
Let t be 5034/21 + 8/28. Calculate the highest common factor of t and 30.
30
Let j(w) = w**3 - 7*w**2 + 7*w + 5. Let d be j(6). Let h = d - 2. Calculate the greatest common divisor of h and 45.
9
Let y be (19 - 10/(-5)) + 2. What is the greatest common divisor of 253 and y?
23
Let i = -48 + 50. What is the greatest common factor of 4 and i?
2
Let u(z) = -z**3 - 4*z**2 - 1. Let o be u(-3). Let n = -6 - o. What is the highest common factor of 44 and n?
4
Let v be 2/(-3)*9/(-3). Suppose v*m - 5*m + 29 = b, -2*b = m - 33. Let i = b + -6. What is the highest common divisor of i and 16?
8
Let g be 8 + (-1 - -1) + 0. Let m = 8 + -8. Let v = 12 + m. Calculate the greatest common factor of v and g.
4
Let z(i) = i**3 - i**2 + i + 144. Suppose 0*p = -2*p. Let h be z(p). Calculate the highest common divisor of 16 and h.
16
Let z be 2/4 + (-38)/(-4). Suppose s - 2*s = 5, 3*c - 28 = 2*s. Let x be 2/c - 20/(-12). Calculate the highest common divisor of z and x.
2
Suppose 4*b + 4*m = 22 + 206, 3*b - 3*m = 141. Calculate the greatest common divisor of 13 and b.
13
Suppose 3*p = 4*l + 266, -3*p = 2*p + 5*l - 455. What is the highest common divisor of 10 and p?
10
Let x(g) = -g**3 + 7*g**2 - 6*g + 3. Let t be x(6). Let s be 4246/14 - (-2)/(-7). Suppose t*v - s = 159. What is the highest common divisor of v and 14?
14
Suppose -2*s = 3*o - 62, -s + 52 = s - 2*o. What is the highest common factor of 70 and s?
14
Let h(d) = d**3 - 2*d**2 + 3*d - 9. Let k be h(4). Calculate the highest common factor of 14 and k.
7
Suppose 0*l = 3*l + 2*p - 7, -23 = -3*l + 2*p. Suppose l*z = -4*w + 328, -4*w = 5*z - w - 326. What is the greatest common factor of z and 8?
8
Let o be 4/3*9/2. Suppose 11*q = o*q + 30. Suppose -i + q*i = 75. What is the highest common factor of 75 and i?
15
Suppose f - 4*r + 11 = -r, 3*r + 37 = -5*f. Let i(n) = n**2 + 2*n - 4. Let h be i(f). Let g be 4*(1 - -1)/2. What is the greatest common divisor of h and g?
4
Let t be 15 + -1 - (-5)/10*4. Let i be (1 + -33)/(2/(-11)). What is the highest common factor of t and i?
16
Let m be (2/(-4))/((-2)/36). Calculate the highest common factor of m and 3.
3
Let y(z) = -z - 1. Let m be 2/(-6) - (-30)/9. Let w be y(m). Let q be 6*(0 - w/6). Calculate the greatest common divisor of 8 and q.
4
Let z be -18*(-3)/(12/22). Calculate the highest common divisor of z and 11.
11
Let j(g) = 72*g**3 + 2*g**2 - g + 1. Let s be j(1). Calculate the highest common factor of s and 111.
37
Suppose -15*q + 59 = -586. Calculate the greatest common divisor of q and 215.
43
Suppose -4*j + 8 = -8. Let z = j + 0. Let b be z/(-6) + (-136)/(-6). Calculate the highest common divisor of b and 33.
11
Suppose -t = 3*t + 3*w - 204, -4*t - 2*w = -208. Let i = t + -36. Calculate the highest common divisor of 72 and i.
18
Let p be ((-684)/(-24))/(2/8). Calculate the highest common factor of 6 and p.
6
Suppose 13*h - 37*h = -96. Suppose 4*c - a + 50 = 197, -a + 69 = 2*c. What is the highest common factor of h and c?
4
Suppose -2*n + 4*i + 32 = 0, -4*n - 2*i + 31 - 7 = 0. Let w(x) = -x**2 + 8*x + 8. Let t be w(n). Let o = t + -2. What is the